{"id":46,"date":"2024-11-20T04:14:50","date_gmt":"2024-11-20T03:14:50","guid":{"rendered":"https:\/\/www.aaautoplech.sk\/?page_id=46"},"modified":"2025-01-26T23:02:54","modified_gmt":"2025-01-26T22:02:54","slug":"about","status":"publish","type":"page","link":"https:\/\/www.aaautoplech.sk\/?page_id=46","title":{"rendered":"About"},"content":{"rendered":"<p>[et_pb_section fb_built=&#8220;1&#8243; admin_label=&#8220;Hero&#8220; _builder_version=&#8220;4.24.3&#8243; _module_preset=&#8220;default&#8220; use_background_color_gradient=&#8220;on&#8220; background_color_gradient_direction=&#8220;148deg&#8220; background_color_gradient_stops=&#8220;#ffffff 50%|rgba(255,255,255,0.85) 75%|rgba(255,255,255,0.36) 100%&#8220; background_color_gradient_overlays_image=&#8220;on&#8220; background_color_gradient_start=&#8220;rgba(0,0,0,0.5)&#8220; background_color_gradient_end=&#8220;rgba(0,0,0,0.75)&#8220; background_image=&#8220;https:\/\/images.unsplash.com\/photo-1676018368021-195887b8bf5c?ixid=M3w1ODkyNzF8MHwxfHNlYXJjaHw0fHxjYXIlMjByZXBhaXIlMjB3b3Jrc2hvcHxlbnwwfDB8fHwxNzMyMDAzNzUyfDA&#038;ixlib=rb-4.0.3&#038;fm=webp&#038;fit=crop&#038;crop=entropy&#038;w=1920&#038;h=1080&#038;q=20&#038;dpr=2&#8243; custom_padding=&#8220;||||false|false&#8220; locked=&#8220;off&#8220; collapsed=&#8220;on&#8220; global_colors_info=&#8220;{}&#8220;][et_pb_row column_structure=&#8220;1_2,1_2&#8243; _builder_version=&#8220;4.24.2&#8243; _module_preset=&#8220;5138c454-be54-4233-bd3b-f8e6a8747976&#8243; locked=&#8220;off&#8220; global_colors_info=&#8220;{}&#8220;][et_pb_column type=&#8220;1_2&#8243; _builder_version=&#8220;4.23.1&#8243; _module_preset=&#8220;73121f80-a3ef-4484-8763-c3f18e3c56d2&#8243; global_colors_info=&#8220;{}&#8220;][et_pb_heading title=&#8220;Na\u0161a cesta k dokonalosti v oprav\u00e1ch karos\u00e9ri\u00ed&#8220; _builder_version=&#8220;4.24.2&#8243; _module_preset=&#8220;f0c675ea-2574-4d0e-b725-30f8550a8550&#8243; title_text_color=&#8220;gcid-primary-color&#8220; locked=&#8220;off&#8220; global_colors_info=&#8220;{%22gcid-primary-color%22:%91%22title_text_color%22%93}&#8220;][\/et_pb_heading][et_pb_heading title=&#8220;Opravy karos\u00e9ri\u00ed s viac ako 10-ro\u010dnou trad\u00edciou&#8220; _builder_version=&#8220;4.24.2&#8243; _module_preset=&#8220;ddeb8c09-9078-4424-bc15-2efb6572e28e&#8220; locked=&#8220;off&#8220; global_colors_info=&#8220;{}&#8220;][\/et_pb_heading][et_pb_text _builder_version=&#8220;4.24.2&#8243; _module_preset=&#8220;2c55a9c4-feed-423b-9edb-ae0b5b365cac&#8220; hover_enabled=&#8220;0&#8243; locked=&#8220;off&#8220; global_colors_info=&#8220;{}&#8220; sticky_enabled=&#8220;0&#8243;]<\/p>\n<p>Vitajte v <strong>AAAutoplech Sere\u010f<\/strong>, mieste, kde sa kvalita a spo\u013eahlivos\u0165 stret\u00e1vaj\u00fa s v\u00e1\u0161\u0148ou pre aut\u00e1. U\u017e roky poskytujeme profesion\u00e1lne slu\u017eby v oblasti opravy karos\u00e9ri\u00ed, lakovania vozidiel a rie\u0161enia poistn\u00fdch udalost\u00ed. Na\u0161im cie\u013eom je pon\u00faka\u0165 rie\u0161enia, ktor\u00e9 prekonaj\u00fa o\u010dak\u00e1vania z\u00e1kazn\u00edkov a zaistia spokojnos\u0165 na ka\u017edom kroku.<\/p>\n<p>V\u010faka modern\u00fdm technol\u00f3gi\u00e1m a sk\u00fasenostiam dok\u00e1\u017eeme zvl\u00e1dnu\u0165 v\u0161etko \u2013 od drobn\u00fdch opr\u00e1v prelia\u010din a\u017e po kompletn\u00e9 renov\u00e1cie vozidiel. Na\u0161a pr\u00e1ca je v\u017edy prec\u00edzna, r\u00fdchla a prisp\u00f4soben\u00e1 individu\u00e1lnym potreb\u00e1m ka\u017ed\u00e9ho z\u00e1kazn\u00edka.<\/p>\n<p>\u2714 <strong>Kvalita na prvom mieste:<\/strong> Pou\u017e\u00edvame iba overen\u00e9 materi\u00e1ly a technol\u00f3gie, aby sme zaru\u010dili dlhodob\u00e9 v\u00fdsledky.<br \/>\u2714 <strong>Kompletn\u00fd servis:<\/strong> Poskytujeme v\u0161etko na jednom mieste \u2013 opravy, lakovanie, diagnostiku aj poradenstvo pri poistn\u00fdch udalostiach.<br \/>\u2714 <strong>Dostupnos\u0165 pre regi\u00f3n:<\/strong> Sme hrd\u00ed na to, \u017ee na\u0161e slu\u017eby vyu\u017e\u00edvaj\u00fa z\u00e1kazn\u00edci zo Serede, Galanty, Trnavy a \u0161irok\u00e9ho okolia.<\/p>\n<p><strong>AAautoklampiaren<\/strong> nie je len autoservis \u2013 je to miesto, kde sa va\u0161e auto op\u00e4\u0165 stane va\u0161ou p\u00fdchou. Ver\u00edme, \u017ee kvalitn\u00e1 pr\u00e1ca hovor\u00ed sama za seba, a preto si u n\u00e1s m\u00f4\u017eete by\u0165 ist\u00ed \u0161pi\u010dkov\u00fdm v\u00fdsledkom.<\/p>\n<p><strong>Zverte svoje vozidlo do na\u0161ich r\u00fak \u2013 spokojnos\u0165 je zaru\u010den\u00e1!<\/strong><\/p>\n<p>[\/et_pb_text][\/et_pb_column][et_pb_column type=&#8220;1_2&#8243; _builder_version=&#8220;4.23.1&#8243; _module_preset=&#8220;73121f80-a3ef-4484-8763-c3f18e3c56d2&#8243; global_colors_info=&#8220;{}&#8220;][et_pb_image src=&#8220;https:\/\/images.unsplash.com\/photo-1515569067071-ec3b51335dd0?ixid=M3w1ODkyNzF8MHwxfHNlYXJjaHw2fHxtZWNoYW5pYyUyMHdvcmtpbmclMjBvbiUyMGNhcnxlbnwwfDF8fHwxNzMyMDcwOTg1fDA&#038;ixlib=rb-4.0.3&#038;fm=webp&#038;fit=crop&#038;crop=entropy&#038;w=800&#038;h=1080&#038;q=20&#038;dpr=2&#8243; title_text=&#8220;800&#215;1080&#8243; _builder_version=&#8220;4.25.2&#8243; _module_preset=&#8220;1cc6152f-565c-4c4d-b0c9-cf8c9576c341&#8243; box_shadow_style=&#8220;preset4&#8243; box_shadow_horizontal=&#8220;0px&#8220; box_shadow_vertical=&#8220;24px&#8220; box_shadow_blur=&#8220;72px&#8220; box_shadow_spread=&#8220;-12px&#8220; locked=&#8220;off&#8220; global_colors_info=&#8220;{}&#8220;][\/et_pb_image][et_pb_image _builder_version=&#8220;4.27.3&#8243; _module_preset=&#8220;default&#8220; alt=&#8220;aaautoklampiare\u0148, auto oprava, gar\u00e1\u017e, oprava \u00e1ut, klampiarske pr\u00e1ce&#8220; title_text=&#8220;logo&#8220; src=&#8220;https:\/\/www.aaautoplech.sk\/wp-content\/uploads\/2024\/11\/Untitled-design-2.png&#8220; hover_enabled=&#8220;0&#8243; sticky_enabled=&#8220;0&#8243;][\/et_pb_image][\/et_pb_column][\/et_pb_row][\/et_pb_section][et_pb_section fb_built=&#8220;1&#8243; admin_label=&#8220;Features&#8220; _builder_version=&#8220;4.17.6&#8243; _module_preset=&#8220;default&#8220; collapsed=&#8220;on&#8220; global_colors_info=&#8220;{}&#8220;][et_pb_row _builder_version=&#8220;4.17.6&#8243; _module_preset=&#8220;5138c454-be54-4233-bd3b-f8e6a8747976&#8243; global_colors_info=&#8220;{}&#8220;][et_pb_column type=&#8220;4_4&#8243; _builder_version=&#8220;4.17.3&#8243; _module_preset=&#8220;73121f80-a3ef-4484-8763-c3f18e3c56d2&#8243; global_colors_info=&#8220;{}&#8220;][et_pb_heading title=&#8220;Pre\u010do si vybra\u0165 AAAutoplech?&#8220; _builder_version=&#8220;4.24.3&#8243; _module_preset=&#8220;c33f07d9-41e0-421a-8799-5799df695cce&#8220; title_text_align=&#8220;center&#8220; locked=&#8220;off&#8220; global_colors_info=&#8220;{}&#8220;][\/et_pb_heading][\/et_pb_column][\/et_pb_row][et_pb_row column_structure=&#8220;1_4,1_4,1_4,1_4&#8243; _builder_version=&#8220;4.24.2&#8243; _module_preset=&#8220;5138c454-be54-4233-bd3b-f8e6a8747976&#8243; global_colors_info=&#8220;{}&#8220;][et_pb_column type=&#8220;1_4&#8243; _builder_version=&#8220;4.17.6&#8243; _module_preset=&#8220;73121f80-a3ef-4484-8763-c3f18e3c56d2&#8243; box_shadow_style=&#8220;preset1&#8243; box_shadow_vertical=&#8220;30px&#8220; box_shadow_blur=&#8220;80px&#8220; box_shadow_spread=&#8220;-20px&#8220; box_shadow_color=&#8220;RGBA(255,255,255,0)&#8220; box_shadow_color_last_edited=&#8220;off|desktop&#8220; global_colors_info=&#8220;{}&#8220; box_shadow_color__hover_enabled=&#8220;on|hover&#8220; box_shadow_color__hover=&#8220;rgba(0,0,0,0.2)&#8220;][et_pb_blurb title=&#8220;Odbornos\u0165 a Sk\u00fasenosti&#8220; use_icon=&#8220;on&#8220; font_icon=&#8220;&#xf552;||fa||900&#8243; icon_color=&#8220;gcid-secondary-color&#8220; icon_alignment=&#8220;center&#8220; _builder_version=&#8220;4.24.3&#8243; _module_preset=&#8220;212b201d-2c34-41bd-936c-851b7357d08b&#8220; text_orientation=&#8220;center&#8220; locked=&#8220;off&#8220; global_colors_info=&#8220;{%22gcid-body-color%22:%91%22body_text_color%22,%22body_text_color%22%93,%22gcid-heading-color%22:%91%22header_text_color%22,%22header_text_color%22%93,%22gcid-secondary-color%22:%91%22icon_color%22%93}&#8220;]<\/p>\n<p><span>Sme odborn\u00edci s rokmi praxe v oblasti opr\u00e1v karos\u00e9ri\u00ed, lakovania vozidiel a rie\u0161enia poistn\u00fdch udalost\u00ed. Na\u0161a pr\u00e1ca hovor\u00ed sama za seba \u2013 presnos\u0165, d\u00f4slednos\u0165 a d\u00f4raz na ka\u017ed\u00fd detail s\u00fa na\u0161ou prioritou. S nami m\u00e1te istotu, \u017ee va\u0161e auto je v ruk\u00e1ch profesion\u00e1lov.<\/span><\/p>\n<p>[\/et_pb_blurb][\/et_pb_column][et_pb_column type=&#8220;1_4&#8243; _builder_version=&#8220;4.17.6&#8243; _module_preset=&#8220;73121f80-a3ef-4484-8763-c3f18e3c56d2&#8243; box_shadow_style=&#8220;preset1&#8243; box_shadow_vertical=&#8220;30px&#8220; box_shadow_blur=&#8220;80px&#8220; box_shadow_spread=&#8220;-20px&#8220; box_shadow_color=&#8220;RGBA(255,255,255,0)&#8220; box_shadow_color_last_edited=&#8220;off|desktop&#8220; global_colors_info=&#8220;{}&#8220; box_shadow_color__hover_enabled=&#8220;on|hover&#8220; box_shadow_color__hover=&#8220;rgba(0,0,0,0.2)&#8220;][et_pb_blurb title=&#8220;Modern\u00e9 Technol\u00f3gie a Materi\u00e1ly&#8220; use_icon=&#8220;on&#8220; font_icon=&#8220;&#xf085;||fa||900&#8243; icon_color=&#8220;gcid-secondary-color&#8220; icon_alignment=&#8220;center&#8220; _builder_version=&#8220;4.24.3&#8243; _module_preset=&#8220;212b201d-2c34-41bd-936c-851b7357d08b&#8220; text_orientation=&#8220;center&#8220; locked=&#8220;off&#8220; global_colors_info=&#8220;{%22gcid-body-color%22:%91%22body_text_color%22,%22body_text_color%22%93,%22gcid-heading-color%22:%91%22header_text_color%22,%22header_text_color%22%93,%22gcid-secondary-color%22:%91%22icon_color%22%93}&#8220;]<\/p>\n<p><span>Vyu\u017e\u00edvame pokro\u010dil\u00e9 technol\u00f3gie a kvalitn\u00e9 materi\u00e1ly na dosiahnutie \u0161pi\u010dkov\u00fdch v\u00fdsledkov. Od lakovania s vysokou presnos\u0165ou a\u017e po ekologick\u00e9 rie\u0161enia pre opravu karos\u00e9ri\u00ed, na\u0161a diel\u0148a je vybaven\u00e1 na zvl\u00e1dnutie akejko\u013evek v\u00fdzvy. Kvalita je u n\u00e1s \u0161tandard, nie v\u00fdnimka.<\/span><\/p>\n<p>[\/et_pb_blurb][\/et_pb_column][et_pb_column type=&#8220;1_4&#8243; _builder_version=&#8220;4.17.6&#8243; _module_preset=&#8220;73121f80-a3ef-4484-8763-c3f18e3c56d2&#8243; box_shadow_style=&#8220;preset1&#8243; box_shadow_vertical=&#8220;30px&#8220; box_shadow_blur=&#8220;80px&#8220; box_shadow_spread=&#8220;-20px&#8220; box_shadow_color=&#8220;RGBA(255,255,255,0)&#8220; box_shadow_color_last_edited=&#8220;off|desktop&#8220; global_colors_info=&#8220;{}&#8220; box_shadow_color__hover_enabled=&#8220;on|hover&#8220; box_shadow_color__hover=&#8220;rgba(0,0,0,0.2)&#8220;][et_pb_blurb title=&#8220;R\u00fdchle a Spo\u013eahliv\u00e9 Slu\u017eby&#8220; use_icon=&#8220;on&#8220; font_icon=&#8220;&#xf64a;||fa||900&#8243; icon_color=&#8220;gcid-secondary-color&#8220; icon_alignment=&#8220;center&#8220; _builder_version=&#8220;4.27.3&#8243; _module_preset=&#8220;212b201d-2c34-41bd-936c-851b7357d08b&#8220; text_orientation=&#8220;center&#8220; locked=&#8220;off&#8220; global_colors_info=&#8220;{%22gcid-body-color%22:%91%22body_text_color%22,%22body_text_color%22%93,%22gcid-heading-color%22:%91%22header_text_color%22,%22header_text_color%22%93,%22gcid-secondary-color%22:%91%22icon_color%22%93}&#8220;]<\/p>\n<p><span>Ch\u00e1peme, \u017ee \u010das je pre na\u0161ich z\u00e1kazn\u00edkov d\u00f4le\u017eit\u00fd. Preto sa sna\u017e\u00edme ka\u017ed\u00fa opravu realizova\u0165 r\u00fdchlo, bez kompromisov na kvalite. Od drobn\u00fdch prelia\u010din a\u017e po kompletn\u00e9 opravy po hav\u00e1ri\u00e1ch \u2013 garantujeme efekt\u00edvne a spo\u013eahliv\u00e9 rie\u0161enie, aby ste sa \u010do najsk\u00f4r mohli vr\u00e1ti\u0165 na cestu.<\/span><\/p>\n<p>[\/et_pb_blurb][\/et_pb_column][et_pb_column type=&#8220;1_4&#8243; _builder_version=&#8220;4.17.6&#8243; _module_preset=&#8220;73121f80-a3ef-4484-8763-c3f18e3c56d2&#8243; box_shadow_style=&#8220;preset1&#8243; box_shadow_vertical=&#8220;30px&#8220; box_shadow_blur=&#8220;80px&#8220; box_shadow_spread=&#8220;-20px&#8220; box_shadow_color=&#8220;RGBA(255,255,255,0)&#8220; box_shadow_color_last_edited=&#8220;off|desktop&#8220; global_colors_info=&#8220;{}&#8220; box_shadow_color__hover_enabled=&#8220;on|hover&#8220; box_shadow_color__hover=&#8220;rgba(0,0,0,0.2)&#8220;][et_pb_blurb title=&#8220;Individu\u00e1lny Pr\u00edstup a Z\u00e1kazn\u00edcka Starostlivos\u0165&#8220; use_icon=&#8220;on&#8220; font_icon=&#8220;&#xf5b8;||fa||400&#8243; icon_color=&#8220;gcid-secondary-color&#8220; icon_alignment=&#8220;center&#8220; _builder_version=&#8220;4.27.3&#8243; _module_preset=&#8220;212b201d-2c34-41bd-936c-851b7357d08b&#8220; text_orientation=&#8220;center&#8220; hover_enabled=&#8220;0&#8243; locked=&#8220;off&#8220; global_colors_info=&#8220;{%22gcid-body-color%22:%91%22body_text_color%22,%22body_text_color%22%93,%22gcid-heading-color%22:%91%22header_text_color%22,%22header_text_color%22%93,%22gcid-secondary-color%22:%91%22icon_color%22%93}&#8220; sticky_enabled=&#8220;0&#8243;]<\/p>\n<p><span>Ka\u017ed\u00fd z\u00e1kazn\u00edk je pre n\u00e1s d\u00f4le\u017eit\u00fd. Pristupujeme ku ka\u017edej objedn\u00e1vke individu\u00e1lne a sna\u017e\u00edme sa n\u00e1js\u0165 rie\u0161enie, ktor\u00e9 najlep\u0161ie vyhovuje va\u0161im potreb\u00e1m. Na\u0161a pr\u00e1ca nekon\u010d\u00ed dokon\u010den\u00edm opravy \u2013 zaru\u010dujeme spokojnos\u0165 a pon\u00fakame poradenstvo aj po ukon\u010den\u00ed slu\u017eieb.<\/span><\/p>\n<p>[\/et_pb_blurb][\/et_pb_column][\/et_pb_row][\/et_pb_section][et_pb_section fb_built=&#8220;1&#8243; admin_label=&#8220;Call to Action&#8220; _builder_version=&#8220;4.24.2&#8243; _module_preset=&#8220;default&#8220; background_color=&#8220;gcid-primary-color&#8220; locked=&#8220;off&#8220; collapsed=&#8220;on&#8220; global_colors_info=&#8220;{%22gcid-primary-color%22:%91%22background_color%22%93}&#8220;][et_pb_row column_structure=&#8220;2_3,1_3&#8243; _builder_version=&#8220;4.18.0&#8243; _module_preset=&#8220;5138c454-be54-4233-bd3b-f8e6a8747976&#8243; global_colors_info=&#8220;{}&#8220;][et_pb_column type=&#8220;2_3&#8243; _builder_version=&#8220;4.16.0&#8243; _module_preset=&#8220;73121f80-a3ef-4484-8763-c3f18e3c56d2&#8243; global_colors_info=&#8220;{}&#8220;][et_pb_heading title=&#8220;Z\u00edskajte Viac Inform\u00e1ci\u00ed o Na\u0161ich Slu\u017eb\u00e1ch&#8220; _builder_version=&#8220;4.24.3&#8243; _module_preset=&#8220;ba4a6336-701f-47b8-bf5c-09da0ce28016&#8243; title_text_color=&#8220;#FFFFFF&#8220; locked=&#8220;off&#8220; global_colors_info=&#8220;{}&#8220;][\/et_pb_heading][\/et_pb_column][et_pb_column type=&#8220;1_3&#8243; _builder_version=&#8220;4.16.0&#8243; _module_preset=&#8220;73121f80-a3ef-4484-8763-c3f18e3c56d2&#8243; global_colors_info=&#8220;{}&#8220;][et_pb_button button_text=&#8220;Kontaktujte N\u00e1s&#8220; button_alignment=&#8220;right&#8220; button_alignment_tablet=&#8220;left&#8220; button_alignment_phone=&#8220;left&#8220; button_alignment_last_edited=&#8220;on|desktop&#8220; _builder_version=&#8220;4.27.3&#8243; _module_preset=&#8220;ab15fb74-61a3-43aa-96b3-41e09aeef654&#8243; hover_enabled=&#8220;0&#8243; global_colors_info=&#8220;{}&#8220; button_url=&#8220;mailto:aaautoplech@GMAIL.COM&#8220; sticky_enabled=&#8220;0&#8243;][\/et_pb_button][\/et_pb_column][\/et_pb_row][\/et_pb_section]<\/p>\n","protected":false},"excerpt":{"rendered":"<p>Vitajte v AAAutoplech Sere\u010f, mieste, kde sa kvalita a spo\u013eahlivos\u0165 stret\u00e1vaj\u00fa s v\u00e1\u0161\u0148ou pre aut\u00e1. U\u017e roky poskytujeme profesion\u00e1lne slu\u017eby v oblasti opravy karos\u00e9ri\u00ed, lakovania vozidiel a rie\u0161enia poistn\u00fdch udalost\u00ed. Na\u0161im cie\u013eom je pon\u00faka\u0165 rie\u0161enia, ktor\u00e9 prekonaj\u00fa o\u010dak\u00e1vania z\u00e1kazn\u00edkov a zaistia spokojnos\u0165 na ka\u017edom kroku. V\u010faka modern\u00fdm technol\u00f3gi\u00e1m a sk\u00fasenostiam dok\u00e1\u017eeme zvl\u00e1dnu\u0165 v\u0161etko \u2013 od [&hellip;]<\/p>\n","protected":false},"author":1,"featured_media":0,"parent":0,"menu_order":0,"comment_status":"closed","ping_status":"closed","template":"","meta":{"_et_pb_use_builder":"on","_et_pb_old_content":"","_et_gb_content_width":"","_monsterinsights_skip_tracking":false,"_monsterinsights_sitenote_active":false,"_monsterinsights_sitenote_note":"","_monsterinsights_sitenote_category":0,"footnotes":""},"class_list":["post-46","page","type-page","status-publish","hentry"],"yoast_head":"<!-- This site is optimized with the Yoast SEO plugin v23.8 - https:\/\/yoast.com\/wordpress\/plugins\/seo\/ -->\n<title>About - Aaautoplech.sk<\/title>\n<meta name=\"robots\" content=\"index, follow, max-snippet:-1, max-image-preview:large, max-video-preview:-1\" \/>\n<link rel=\"canonical\" href=\"https:\/\/www.aaautoplech.sk\/?page_id=46\" \/>\n<meta property=\"og:locale\" content=\"sk_SK\" \/>\n<meta property=\"og:type\" content=\"article\" \/>\n<meta property=\"og:title\" content=\"About - Aaautoplech.sk\" \/>\n<meta property=\"og:description\" content=\"Vitajte v AAAutoplech Sere\u010f, mieste, kde sa kvalita a spo\u013eahlivos\u0165 stret\u00e1vaj\u00fa s v\u00e1\u0161\u0148ou pre aut\u00e1. U\u017e roky poskytujeme profesion\u00e1lne slu\u017eby v oblasti opravy karos\u00e9ri\u00ed, lakovania vozidiel a rie\u0161enia poistn\u00fdch udalost\u00ed. Na\u0161im cie\u013eom je pon\u00faka\u0165 rie\u0161enia, ktor\u00e9 prekonaj\u00fa o\u010dak\u00e1vania z\u00e1kazn\u00edkov a zaistia spokojnos\u0165 na ka\u017edom kroku. V\u010faka modern\u00fdm technol\u00f3gi\u00e1m a sk\u00fasenostiam dok\u00e1\u017eeme zvl\u00e1dnu\u0165 v\u0161etko \u2013 od [&hellip;]\" \/>\n<meta property=\"og:url\" content=\"https:\/\/www.aaautoplech.sk\/?page_id=46\" \/>\n<meta property=\"og:site_name\" content=\"Aaautoplech.sk\" \/>\n<meta property=\"article:modified_time\" content=\"2025-01-26T22:02:54+00:00\" \/>\n<meta name=\"twitter:card\" content=\"summary_large_image\" \/>\n<meta name=\"twitter:label1\" content=\"Predpokladan\u00fd \u010das \u010d\u00edtania\" \/>\n\t<meta name=\"twitter:data1\" content=\"8 min\u00fat\" \/>\n<script type=\"application\/ld+json\" class=\"yoast-schema-graph\">{\"@context\":\"https:\/\/schema.org\",\"@graph\":[{\"@type\":\"WebPage\",\"@id\":\"https:\/\/www.aaautoplech.sk\/?page_id=46\",\"url\":\"https:\/\/www.aaautoplech.sk\/?page_id=46\",\"name\":\"About - Aaautoplech.sk\",\"isPartOf\":{\"@id\":\"https:\/\/www.aaautoplech.sk\/#website\"},\"datePublished\":\"2024-11-20T03:14:50+00:00\",\"dateModified\":\"2025-01-26T22:02:54+00:00\",\"breadcrumb\":{\"@id\":\"https:\/\/www.aaautoplech.sk\/?page_id=46#breadcrumb\"},\"inLanguage\":\"sk-SK\",\"potentialAction\":[{\"@type\":\"ReadAction\",\"target\":[\"https:\/\/www.aaautoplech.sk\/?page_id=46\"]}]},{\"@type\":\"BreadcrumbList\",\"@id\":\"https:\/\/www.aaautoplech.sk\/?page_id=46#breadcrumb\",\"itemListElement\":[{\"@type\":\"ListItem\",\"position\":1,\"name\":\"Home\",\"item\":\"https:\/\/www.aaautoplech.sk\/\"},{\"@type\":\"ListItem\",\"position\":2,\"name\":\"About\"}]},{\"@type\":\"WebSite\",\"@id\":\"https:\/\/www.aaautoplech.sk\/#website\",\"url\":\"https:\/\/www.aaautoplech.sk\/\",\"name\":\"Aaautoplech.sk\",\"description\":\"Opravy karos\u00e9ri\u00ed - kvalitne a za skvel\u00e9 ceny!\",\"publisher\":{\"@id\":\"https:\/\/www.aaautoplech.sk\/#organization\"},\"potentialAction\":[{\"@type\":\"SearchAction\",\"target\":{\"@type\":\"EntryPoint\",\"urlTemplate\":\"https:\/\/www.aaautoplech.sk\/?s={search_term_string}\"},\"query-input\":{\"@type\":\"PropertyValueSpecification\",\"valueRequired\":true,\"valueName\":\"search_term_string\"}}],\"inLanguage\":\"sk-SK\"},{\"@type\":\"Organization\",\"@id\":\"https:\/\/www.aaautoplech.sk\/#organization\",\"name\":\"Aaautoplech.sk\",\"url\":\"https:\/\/www.aaautoplech.sk\/\",\"logo\":{\"@type\":\"ImageObject\",\"inLanguage\":\"sk-SK\",\"@id\":\"https:\/\/www.aaautoplech.sk\/#\/schema\/logo\/image\/\",\"url\":\"https:\/\/www.aaautoplech.sk\/wp-content\/uploads\/2024\/11\/cropped-Untitled-design-3.png\",\"contentUrl\":\"https:\/\/www.aaautoplech.sk\/wp-content\/uploads\/2024\/11\/cropped-Untitled-design-3.png\",\"width\":512,\"height\":512,\"caption\":\"Aaautoplech.sk\"},\"image\":{\"@id\":\"https:\/\/www.aaautoplech.sk\/#\/schema\/logo\/image\/\"}}]}<\/script>\n<!-- \/ Yoast SEO plugin. -->","yoast_head_json":{"title":"About - Aaautoplech.sk","robots":{"index":"index","follow":"follow","max-snippet":"max-snippet:-1","max-image-preview":"max-image-preview:large","max-video-preview":"max-video-preview:-1"},"canonical":"https:\/\/www.aaautoplech.sk\/?page_id=46","og_locale":"sk_SK","og_type":"article","og_title":"About - Aaautoplech.sk","og_description":"Vitajte v AAAutoplech Sere\u010f, mieste, kde sa kvalita a spo\u013eahlivos\u0165 stret\u00e1vaj\u00fa s v\u00e1\u0161\u0148ou pre aut\u00e1. U\u017e roky poskytujeme profesion\u00e1lne slu\u017eby v oblasti opravy karos\u00e9ri\u00ed, lakovania vozidiel a rie\u0161enia poistn\u00fdch udalost\u00ed. Na\u0161im cie\u013eom je pon\u00faka\u0165 rie\u0161enia, ktor\u00e9 prekonaj\u00fa o\u010dak\u00e1vania z\u00e1kazn\u00edkov a zaistia spokojnos\u0165 na ka\u017edom kroku. V\u010faka modern\u00fdm technol\u00f3gi\u00e1m a sk\u00fasenostiam dok\u00e1\u017eeme zvl\u00e1dnu\u0165 v\u0161etko \u2013 od [&hellip;]","og_url":"https:\/\/www.aaautoplech.sk\/?page_id=46","og_site_name":"Aaautoplech.sk","article_modified_time":"2025-01-26T22:02:54+00:00","twitter_card":"summary_large_image","twitter_misc":{"Predpokladan\u00fd \u010das \u010d\u00edtania":"8 min\u00fat"},"schema":{"@context":"https:\/\/schema.org","@graph":[{"@type":"WebPage","@id":"https:\/\/www.aaautoplech.sk\/?page_id=46","url":"https:\/\/www.aaautoplech.sk\/?page_id=46","name":"About - Aaautoplech.sk","isPartOf":{"@id":"https:\/\/www.aaautoplech.sk\/#website"},"datePublished":"2024-11-20T03:14:50+00:00","dateModified":"2025-01-26T22:02:54+00:00","breadcrumb":{"@id":"https:\/\/www.aaautoplech.sk\/?page_id=46#breadcrumb"},"inLanguage":"sk-SK","potentialAction":[{"@type":"ReadAction","target":["https:\/\/www.aaautoplech.sk\/?page_id=46"]}]},{"@type":"BreadcrumbList","@id":"https:\/\/www.aaautoplech.sk\/?page_id=46#breadcrumb","itemListElement":[{"@type":"ListItem","position":1,"name":"Home","item":"https:\/\/www.aaautoplech.sk\/"},{"@type":"ListItem","position":2,"name":"About"}]},{"@type":"WebSite","@id":"https:\/\/www.aaautoplech.sk\/#website","url":"https:\/\/www.aaautoplech.sk\/","name":"Aaautoplech.sk","description":"Opravy karos\u00e9ri\u00ed - kvalitne a za skvel\u00e9 ceny!","publisher":{"@id":"https:\/\/www.aaautoplech.sk\/#organization"},"potentialAction":[{"@type":"SearchAction","target":{"@type":"EntryPoint","urlTemplate":"https:\/\/www.aaautoplech.sk\/?s={search_term_string}"},"query-input":{"@type":"PropertyValueSpecification","valueRequired":true,"valueName":"search_term_string"}}],"inLanguage":"sk-SK"},{"@type":"Organization","@id":"https:\/\/www.aaautoplech.sk\/#organization","name":"Aaautoplech.sk","url":"https:\/\/www.aaautoplech.sk\/","logo":{"@type":"ImageObject","inLanguage":"sk-SK","@id":"https:\/\/www.aaautoplech.sk\/#\/schema\/logo\/image\/","url":"https:\/\/www.aaautoplech.sk\/wp-content\/uploads\/2024\/11\/cropped-Untitled-design-3.png","contentUrl":"https:\/\/www.aaautoplech.sk\/wp-content\/uploads\/2024\/11\/cropped-Untitled-design-3.png","width":512,"height":512,"caption":"Aaautoplech.sk"},"image":{"@id":"https:\/\/www.aaautoplech.sk\/#\/schema\/logo\/image\/"}}]}},"_links":{"self":[{"href":"https:\/\/www.aaautoplech.sk\/index.php?rest_route=\/wp\/v2\/pages\/46"}],"collection":[{"href":"https:\/\/www.aaautoplech.sk\/index.php?rest_route=\/wp\/v2\/pages"}],"about":[{"href":"https:\/\/www.aaautoplech.sk\/index.php?rest_route=\/wp\/v2\/types\/page"}],"author":[{"embeddable":true,"href":"https:\/\/www.aaautoplech.sk\/index.php?rest_route=\/wp\/v2\/users\/1"}],"replies":[{"embeddable":true,"href":"https:\/\/www.aaautoplech.sk\/index.php?rest_route=%2Fwp%2Fv2%2Fcomments&post=46"}],"version-history":[{"count":2,"href":"https:\/\/www.aaautoplech.sk\/index.php?rest_route=\/wp\/v2\/pages\/46\/revisions"}],"predecessor-version":[{"id":147,"href":"https:\/\/www.aaautoplech.sk\/index.php?rest_route=\/wp\/v2\/pages\/46\/revisions\/147"}],"wp:attachment":[{"href":"https:\/\/www.aaautoplech.sk\/index.php?rest_route=%2Fwp%2Fv2%2Fmedia&parent=46"}],"curies":[{"name":"wp","href":"https:\/\/api.w.org\/{rel}","templated":true}]}}